{"id":206,"date":"2015-07-14T14:50:10","date_gmt":"2015-07-14T14:50:10","guid":{"rendered":"http:\/\/test.kriesi.at\/minimal-portfolio\/?page_id=9"},"modified":"2026-03-12T13:22:26","modified_gmt":"2026-03-12T11:22:26","slug":"home","status":"publish","type":"page","link":"https:\/\/linnanjarvi.fi\/","title":{"rendered":"Home"},"content":{"rendered":"\n<style type=\"text\/css\" data-created_by=\"avia_inline_auto\" id=\"style-css-av-dbfgfq-cbb01e654f5d513b7834d164dc50176b\">\n.avia-section.av-dbfgfq-cbb01e654f5d513b7834d164dc50176b{\nbackground-color:#ffffff;\nbackground-image:url(https:\/\/linnanjarvi.fi\/wp-content\/uploads\/2026\/01\/Paasivuntausta-300x200.jpg);\nbackground-repeat:no-repeat;\nbackground-position:0% 0%;\nbackground-attachment:fixed;\n}\n.avia-section.av-dbfgfq-cbb01e654f5d513b7834d164dc50176b .av-extra-border-element .av-extra-border-inner{\nbackground-color:#f8f8f8;\n}\n<\/style>\n<div id='av_section_1'  class='avia-section av-dbfgfq-cbb01e654f5d513b7834d164dc50176b main_color avia-section-large avia-no-border-styling  avia-builder-el-0  el_before_av_section  avia-builder-el-first  avia-full-stretch avia-bg-style-fixed container_wrap fullsize'  data-section-bg-repeat='stretch'><div class='container av-section-cont-open' ><main  role=\"main\" itemprop=\"mainContentOfPage\"  class='template-page content  av-content-full alpha units'><div class='post-entry post-entry-type-page post-entry-206'><div class='entry-content-wrapper clearfix'>\n\n<style type=\"text\/css\" data-created_by=\"avia_inline_auto\" id=\"style-css-av-d3kd2u-1ba5cbc23513a83266a0e01fd04abea6\">\n.flex_column.av-d3kd2u-1ba5cbc23513a83266a0e01fd04abea6{\nborder-radius:0px 0px 0px 0px;\npadding:20px 20px 20px 20px;\n}\n<\/style>\n<div  class='flex_column av-d3kd2u-1ba5cbc23513a83266a0e01fd04abea6 av_one_fifth  avia-builder-el-1  el_before_av_three_fifth  avia-builder-el-first  first flex_column_div av-animated-generic right-to-left  '     ><\/div>\n<style type=\"text\/css\" data-created_by=\"avia_inline_auto\" id=\"style-css-av-cxkf5q-8cd7c05ebd748cef2468940fb29b5d30\">\n.flex_column.av-cxkf5q-8cd7c05ebd748cef2468940fb29b5d30{\nborder-radius:0px 0px 0px 0px;\npadding:20px 20px 20px 20px;\n}\n<\/style>\n<div  class='flex_column av-cxkf5q-8cd7c05ebd748cef2468940fb29b5d30 av_three_fifth  avia-builder-el-2  el_after_av_one_fifth  el_before_av_one_fifth  flex_column_div av-animated-generic top-to-bottom  '     ><p>\n<style type=\"text\/css\" data-created_by=\"avia_inline_auto\" id=\"style-css-av-csfzhy-e86c2831b6d328affbfc12cba13c3107\">\n#top .av-special-heading.av-csfzhy-e86c2831b6d328affbfc12cba13c3107{\npadding-bottom:0;\nfont-size:65px;\n}\nbody .av-special-heading.av-csfzhy-e86c2831b6d328affbfc12cba13c3107 .av-special-heading-tag .heading-char{\nfont-size:25px;\n}\n#top #wrap_all .av-special-heading.av-csfzhy-e86c2831b6d328affbfc12cba13c3107 .av-special-heading-tag{\nfont-size:65px;\n}\n.av-special-heading.av-csfzhy-e86c2831b6d328affbfc12cba13c3107 .av-subheading{\nfont-size:15px;\n}\n\n@media only screen and (min-width: 480px) and (max-width: 767px){ \n#top #wrap_all .av-special-heading.av-csfzhy-e86c2831b6d328affbfc12cba13c3107 .av-special-heading-tag{\nfont-size:0.8em;\n}\n}\n\n@media only screen and (max-width: 479px){ \n#top #wrap_all .av-special-heading.av-csfzhy-e86c2831b6d328affbfc12cba13c3107 .av-special-heading-tag{\nfont-size:0.8em;\n}\n}\n<\/style>\n<div  class='av-special-heading av-csfzhy-e86c2831b6d328affbfc12cba13c3107 av-special-heading-h3 blockquote modern-quote modern-centered  avia-builder-el-3  el_before_av_hr  avia-builder-el-first  av-inherit-size'><h3 class='av-special-heading-tag '  itemprop=\"headline\"  >Tervetuloa meille!<\/h3><div class=\"special-heading-border\"><div class=\"special-heading-inner-border\"><\/div><\/div><\/div><br \/>\n\n<style type=\"text\/css\" data-created_by=\"avia_inline_auto\" id=\"style-css-av-cof1wm-9ac7f9ac2629121424b84215e2d8a7ba\">\n#top .hr.av-cof1wm-9ac7f9ac2629121424b84215e2d8a7ba{\nmargin-top:30px;\nmargin-bottom:30px;\n}\n.hr.av-cof1wm-9ac7f9ac2629121424b84215e2d8a7ba .hr-inner{\nwidth:50px;\nborder-color:#000000;\n}\n<\/style>\n<div  class='hr av-cof1wm-9ac7f9ac2629121424b84215e2d8a7ba hr-custom  avia-builder-el-4  el_after_av_heading  el_before_av_textblock  hr-center hr-icon-no'><span class='hr-inner inner-border-av-border-thin'><span class=\"hr-inner-style\"><\/span><\/span><\/div><br \/>\n\n<style type=\"text\/css\" data-created_by=\"avia_inline_auto\" id=\"style-css-av-cgf792-c09fd84fa88e61c5541530da09c66442\">\n#top .av_textblock_section.av-cgf792-c09fd84fa88e61c5541530da09c66442 .avia_textblock{\nfont-size:22px;\n}\n<\/style>\n<section  class='av_textblock_section av-cgf792-c09fd84fa88e61c5541530da09c66442 '   itemscope=\"itemscope\" itemtype=\"https:\/\/schema.org\/CreativeWork\" ><div class='avia_textblock'  itemprop=\"text\" ><p style=\"text-align: center;\">Olemme pieni ja mukava is\u00e4nn\u00f6intitoimisto Espoon Vallikalliossa ja tarjoamme mutkatonta is\u00e4nn\u00f6inti\u00e4 ja erinomaista asiakaspalvelua kaikenlaisille taloyhti\u00f6ille.<\/p>\n<\/div><\/section><br \/>\n\n<style type=\"text\/css\" data-created_by=\"avia_inline_auto\" id=\"style-css-av-ccyha6-9a5c93a9772ccc49643a4a3c78056e9b\">\n#top .hr.hr-invisible.av-ccyha6-9a5c93a9772ccc49643a4a3c78056e9b{\nheight:120px;\n}\n<\/style>\n<div  class='hr av-ccyha6-9a5c93a9772ccc49643a4a3c78056e9b hr-invisible  avia-builder-el-6  el_after_av_textblock  avia-builder-el-last '><span class='hr-inner '><span class=\"hr-inner-style\"><\/span><\/span><\/div><\/p><\/div>\n<style type=\"text\/css\" data-created_by=\"avia_inline_auto\" id=\"style-css-av-c6xq1i-6fe15beb1bbb578bba22f067ad8be1a7\">\n.flex_column.av-c6xq1i-6fe15beb1bbb578bba22f067ad8be1a7{\nborder-radius:0px 0px 0px 0px;\npadding:20px 20px 20px 20px;\n}\n<\/style>\n<div  class='flex_column av-c6xq1i-6fe15beb1bbb578bba22f067ad8be1a7 av_one_fifth  avia-builder-el-7  el_after_av_three_fifth  avia-builder-el-last  flex_column_div av-animated-generic right-to-left  '     ><\/div>\n\n<\/div><\/div><\/main><!-- close content main element --><\/div><div class='av-extra-border-element border-extra-diagonal  diagonal-box-shadow'><div class='av-extra-border-outer'><div class='av-extra-border-inner'><\/div><\/div><\/div><\/div>\n<style type=\"text\/css\" data-created_by=\"avia_inline_auto\" id=\"style-css-av-c27v2m-51a8b0f9896ef33a008344efe53da571\">\n.avia-section.av-c27v2m-51a8b0f9896ef33a008344efe53da571{\nbackground-color:#f8f8f8;\nbackground-image:url(https:\/\/linnanjarvi.fi\/wp-content\/uploads\/2026\/03\/kissa.svg);\nbackground-repeat:no-repeat;\nbackground-position:100% 50%;\nbackground-attachment:scroll;\n}\n.avia-section.av-c27v2m-51a8b0f9896ef33a008344efe53da571 .av-extra-border-element .av-extra-border-inner{\nbackground-color:#ffffff;\n}\n<\/style>\n<div id='service'  class='avia-section av-c27v2m-51a8b0f9896ef33a008344efe53da571 main_color avia-section-large avia-no-border-styling  avia-builder-el-8  el_after_av_section  el_before_av_section  avia-full-contain avia-bg-style-scroll container_wrap fullsize'  data-section-bg-repeat='contain'><div class='container av-section-cont-open' ><div class='template-page content  av-content-full alpha units'><div class='post-entry post-entry-type-page post-entry-206'><div class='entry-content-wrapper clearfix'>\n\n<style type=\"text\/css\" data-created_by=\"avia_inline_auto\" id=\"style-css-av-11ycfi-1f184ea0b21d38f69f6b380ffcb6b9d9\">\n.flex_column.av-11ycfi-1f184ea0b21d38f69f6b380ffcb6b9d9{\nborder-radius:0px 0px 0px 0px;\npadding:0px 0px 0px 0px;\n}\n<\/style>\n<div  class='flex_column av-11ycfi-1f184ea0b21d38f69f6b380ffcb6b9d9 av_two_fifth  avia-builder-el-9  el_before_av_one_third  avia-builder-el-first  first flex_column_div av-animated-generic right-to-left av-zero-column-padding  '     ><section  class='av_textblock_section av-mmhqqvn2-1ce03f5a0be650af078eec1609022d31 '   itemscope=\"itemscope\" itemtype=\"https:\/\/schema.org\/CreativeWork\" ><div class='avia_textblock'  itemprop=\"text\" ><h1>Meill\u00e4 on hyv\u00e4 olla<\/h1>\n<\/div><\/section><br \/>\n<div  class='avia-icon-list-container av-mmhr23yt-ef981d63009746a49f5148b6c0ce20f9  avia-builder-el-11  el_after_av_textblock  avia-builder-el-last '><ul class='avia-icon-list avia_animate_when_almost_visible avia-icon-list-left av-iconlist-big av-mmhr23yt-ef981d63009746a49f5148b6c0ce20f9 avia-iconlist-animate'>\n<li><div class='iconlist_icon av-mmhqvkdd-01c89f55ea16fc9ab1c6796535cda9bc avia-font-flaticon avia-iconfont avia-font-flaticon'><span class='av-icon-char' data-av_icon='\uf223' data-av_iconfont='flaticon' aria-hidden=\"true\"><\/span><\/div><article class=\"article-icon-entry \"  itemscope=\"itemscope\" itemtype=\"https:\/\/schema.org\/CreativeWork\" ><div class=\"iconlist_content_wrap\"><header class=\"entry-content-header\" aria-label=\"Icon: Asiakaspalvelussamme \"><h4 class='av_iconlist_title iconlist_title  '  itemprop=\"headline\" >Asiakaspalvelussamme <\/h4><\/header><div class='iconlist_content '  itemprop=\"text\" ><p>ei ole ruuhkaa<\/p>\n<\/div><\/div><footer class=\"entry-footer\"><\/footer><\/article><div class=\"iconlist-timeline\"><\/div><\/li>\n<li><div class='iconlist_icon av-mmhqxwr0-71f1bb729445f1c0bf95ab941e4eb295 avia-font-flaticon avia-iconfont avia-font-flaticon'><span class='av-icon-char' data-av_icon='\uf24d' data-av_iconfont='flaticon' aria-hidden=\"true\"><\/span><\/div><article class=\"article-icon-entry \"  itemscope=\"itemscope\" itemtype=\"https:\/\/schema.org\/CreativeWork\" ><div class=\"iconlist_content_wrap\"><header class=\"entry-content-header\" aria-label=\"Icon: Meill\u00e4 on monipuolinen ja vankka osaaminen, \"><h4 class='av_iconlist_title iconlist_title  '  itemprop=\"headline\" >Meill\u00e4 on monipuolinen ja vankka osaaminen, <\/h4><\/header><div class='iconlist_content '  itemprop=\"text\" ><p>jota tukee ammattitaitoinen yhteisty\u00f6verkostomme<\/p>\n<\/div><\/div><footer class=\"entry-footer\"><\/footer><\/article><div class=\"iconlist-timeline\"><\/div><\/li>\n<li><div class='iconlist_icon av-mmhqzhhy-468c6abbee0c56e6daae67019f5f9462 avia-font-flaticon avia-iconfont avia-font-flaticon'><span class='av-icon-char' data-av_icon='\uf166' data-av_iconfont='flaticon' aria-hidden=\"true\"><\/span><\/div><article class=\"article-icon-entry \"  itemscope=\"itemscope\" itemtype=\"https:\/\/schema.org\/CreativeWork\" ><div class=\"iconlist_content_wrap\"><header class=\"entry-content-header\" aria-label=\"Icon: Me tyk\u00e4t\u00e4\u00e4n meid\u00e4n ty\u00f6st\u00e4\"><h4 class='av_iconlist_title iconlist_title  '  itemprop=\"headline\" >Me tyk\u00e4t\u00e4\u00e4n meid\u00e4n ty\u00f6st\u00e4<\/h4><\/header><div class='iconlist_content '  itemprop=\"text\" ><p>ja me tehd\u00e4\u00e4n se hyvin.<\/p>\n<\/div><\/div><footer class=\"entry-footer\"><\/footer><\/article><div class=\"iconlist-timeline\"><\/div><\/li>\n<\/ul><\/div><\/p><\/div>\n<style type=\"text\/css\" data-created_by=\"avia_inline_auto\" id=\"style-css-av-b6qbz2-44dd271fb405b848c45f56a245491e21\">\n.flex_column.av-b6qbz2-44dd271fb405b848c45f56a245491e21{\nborder-radius:0px 0px 0px 0px;\npadding:0px 0px 0px 0px;\n}\n<\/style>\n<div  class='flex_column av-b6qbz2-44dd271fb405b848c45f56a245491e21 av_one_third  avia-builder-el-12  el_after_av_two_fifth  el_before_av_hr  flex_column_div av-animated-generic right-to-left av-zero-column-padding  '     ><p>\n<style type=\"text\/css\" data-created_by=\"avia_inline_auto\" id=\"style-css-av-awjowe-71c836317ad5e9c1424532944a6732c5\">\n#top .hr.hr-invisible.av-awjowe-71c836317ad5e9c1424532944a6732c5{\nheight:20px;\n}\n<\/style>\n<div  class='hr av-awjowe-71c836317ad5e9c1424532944a6732c5 hr-invisible  avia-builder-el-13  el_before_av_textblock  avia-builder-el-first '><span class='hr-inner '><span class=\"hr-inner-style\"><\/span><\/span><\/div><br \/>\n<section  class='av_textblock_section av-anooby-202b9d42c900f7076fe34b02777990e7 '   itemscope=\"itemscope\" itemtype=\"https:\/\/schema.org\/CreativeWork\" ><div class='avia_textblock'  itemprop=\"text\" ><h2>Yrityksemme<\/h2>\n<p>on palvellut p\u00e4\u00e4kaupunkiseudun taloyhti\u00f6it\u00e4 jo vuodesta 1988 l\u00e4htien ja meillekin on ehtinyt kerty\u00e4 jo l\u00e4hes 20 vuoden kokemus taloyhti\u00f6iden is\u00e4nn\u00f6innist\u00e4. Vaikka ajassa on siirrytty matriisitulostimista et\u00e4kokouksiin ja s\u00e4hk\u00f6iseen osakerekisteriin, on toimintamme ytimess\u00e4 edelleenkin taloyhti\u00f6idemme arjen sujuvuus, vakaa talous ja omaisuuden kunnossapito.<\/p>\n<h4 style=\"text-align: right;\"><a href=\"https:\/\/linnanjarvi.fi\/?page_id=907\">&#8230;viel\u00e4 muutama sananen<\/a><\/h4>\n<\/div><\/section><\/p><\/div>\n<style type=\"text\/css\" data-created_by=\"avia_inline_auto\" id=\"style-css-av-6pks9i-61a95a080956da2a9d114148fd450d5b\">\n#top .hr.hr-invisible.av-6pks9i-61a95a080956da2a9d114148fd450d5b{\nheight:115px;\n}\n<\/style>\n<div  class='hr av-6pks9i-61a95a080956da2a9d114148fd450d5b hr-invisible  avia-builder-el-15  el_after_av_one_third  avia-builder-el-last '><span class='hr-inner '><span class=\"hr-inner-style\"><\/span><\/span><\/div>\n\n<\/div><\/div><\/div><!-- close content main div --><\/div><div class='av-extra-border-element border-extra-diagonal border-extra-diagonal-inverse '><div class='av-extra-border-outer'><div class='av-extra-border-inner'><\/div><\/div><\/div><\/div>\n<style type=\"text\/css\" data-created_by=\"avia_inline_auto\" id=\"style-css-av-8tq8e6-f55b27f503569cd487e7b2a20869d9a2\">\n.avia-section.av-8tq8e6-f55b27f503569cd487e7b2a20869d9a2 .av-extra-border-element .av-extra-border-inner{\nbackground-color:#f8f8f8;\n}\n<\/style>\n<div id='av_section_3'  class='avia-section av-8tq8e6-f55b27f503569cd487e7b2a20869d9a2 main_color avia-section-large avia-no-border-styling  avia-builder-el-16  el_after_av_section  el_before_av_section  avia-bg-style-scroll container_wrap fullsize'  ><div class='container av-section-cont-open' ><div class='template-page content  av-content-full alpha units'><div class='post-entry post-entry-type-page post-entry-206'><div class='entry-content-wrapper clearfix'>\n\n<style type=\"text\/css\" data-created_by=\"avia_inline_auto\" id=\"style-css-av-mksetjl7-ee5a4b87870339c17422c76c91c8eb78\">\n.avia-icon-grid-container.av-mksetjl7-ee5a4b87870339c17422c76c91c8eb78 .avia-icongrid{\njustify-content:space-between;\n}\n<\/style>\n<div  class='avia-icon-grid-container av-mksetjl7-ee5a4b87870339c17422c76c91c8eb78  avia-builder-el-17  el_before_av_hr  avia-builder-el-first ' ><ul id='avia-icongrid-69f12c0c436ab' class='avia-icongrid clearfix avia_animate_when_almost_visible avia-icongrid-flipbox avia-icongrid-numrow-3 avia-cell-space-between av-flex-cells av-break-767 av-can-break-50'>\n<li class='av-icon-cell-item av-row-with-3-cells av-row-nr-1 av-cell-1 av-first-cell-row av-first-cell-item'><div class='avia-icongrid-wrapper av-mkserbze-01cd74b264c8af2a36ba680443d6b126'><article class='article-icon-entry '  itemscope=\"itemscope\" itemtype=\"https:\/\/schema.org\/CreativeWork\" ><div class='avia-icongrid-front '><div class=\"avia-icongrid-inner\"><div class='avia-icongrid-icon'><span class='icongrid-char avia-svg-icon avia-font-svg_wp-media-library' data-av_svg_icon='526' data-av_iconset='svg_wp-media-library'><svg id=\"Layer_1\" data-name=\"Layer 1\" xmlns=\"http:\/\/www.w3.org\/2000\/svg\" viewBox=\"0 0 495.4 538.8\" preserveAspectRatio=\"xMidYMid meet\" aria-labelledby='av-svg-title-1' role=\"graphics-symbol\" is-colored=\"true\">\n<title id='av-svg-title-1'>hausvise-logo<\/title>\n  <defs>\n    <style>\n      .cls-1 {\n        fill: #005738;\n      }\n    <\/style>\n  <\/defs>\n  <path class=\"cls-1\" d=\"M247.7,198.2c39.2,0,71,31.9,71,71s-31.9,71-71,71-71-31.9-71-71,31.9-71,71-71M174,147.8c-40.9,24.9-68.2,69.8-68.4,121.1l.4.4-.4.4v.4l-49.9,49.9v-.3L0,375.4c41.2,96.1,136.6,163.4,247.7,163.4s206.5-67.3,247.7-163.3l-55.7-55.7c-8.8,33.7-26.4,64.6-51.7,89.9-37.5,37.5-87.3,58.1-140.3,58.1s-102.8-20.6-140.3-58.1c-6.9-6.9-13.2-14.2-18.9-21.9l40.5-40.5c25.4,38.6,69.1,64.1,118.7,64.1,78.3,0,141.8-63.4,142-141.6l-.4-.4,106.1-106.1C454.2,67.3,358.8,0,247.7,0S41.2,67.3,0,163.4l55.7,55.7c8.8-33.7,26.4-64.7,51.7-90,37.5-37.5,87.3-58.1,140.3-58.1s102.8,20.6,140.3,58.1c7.1,7.1,13.5,14.6,19.4,22.4l-40.5,40.6c-25.3-38.9-69.2-64.7-119.1-64.7s-52.2,7.5-73.7,20.6\"\/>\n<\/svg><\/span><\/div><header class=\"entry-content-header\" aria-label=\"Icon: Hausvise\"><h1 class='av_icongrid_title icongrid_title '  itemprop=\"headline\" >Hausvise<\/h1><\/header><\/div><\/div><div class='avia-icongrid-flipback '><div class=\"avia-icongrid-inner\"><div class='avia-icongrid-text'  itemprop=\"text\" ><h3><a href=\"https:\/\/asukas.hausvise.fi\">Kirjaudu Hausvise asiakasportaaliin<\/a><\/h3>\n<\/div><\/div><\/div><\/article><\/div><\/li>\n<li class='av-icon-cell-item av-row-with-3-cells av-row-nr-1 av-cell-2 av-first-cell-row av-inner-cell-item'><div class='avia-icongrid-wrapper av-mksfa7sc-d8200a5d897c57b82acc90e6337a1077'><article class='article-icon-entry '  itemscope=\"itemscope\" itemtype=\"https:\/\/schema.org\/CreativeWork\" ><div class='avia-icongrid-front '><div class=\"avia-icongrid-inner\"><div class='avia-icongrid-icon'><span class='icongrid-char avia-iconfont avia-font-flaticon' data-av_icon='\uf152' data-av_iconfont='flaticon' ><\/span><\/div><header class=\"entry-content-header\" aria-label=\"Icon: Tilauslomake\"><h1 class='av_icongrid_title icongrid_title '  itemprop=\"headline\" >Tilauslomake<\/h1><\/header><\/div><\/div><div class='avia-icongrid-flipback '><div class=\"avia-icongrid-inner\"><div class='avia-icongrid-text'  itemprop=\"text\" ><h3><a href=\"https:\/\/linnanjarvi.fi\/?page_id=709\">Is\u00e4nn\u00f6itsij\u00e4ntodistus<\/a><\/h3>\n<h3><a href=\"https:\/\/linnanjarvi.fi\/?page_id=709\">Lainaosuuslaskelma<\/a><\/h3>\n<\/div><\/div><\/div><\/article><\/div><\/li>\n<li class='av-icon-cell-item av-row-with-3-cells av-row-nr-1 av-cell-3 av-first-cell-row av-last-cell-item'><div class='avia-icongrid-wrapper av-mmd5hfgk-442ce0af7ffcc813b405b031439fd00f'><article class='article-icon-entry '  itemscope=\"itemscope\" itemtype=\"https:\/\/schema.org\/CreativeWork\" ><div class='avia-icongrid-front '><div class=\"avia-icongrid-inner\"><div class='avia-icongrid-icon'><span class='icongrid-char avia-iconfont avia-font-flaticon' data-av_icon='\uf17a' data-av_iconfont='flaticon' ><\/span><\/div><header class=\"entry-content-header\" aria-label=\"Icon: Pyyd\u00e4 tarjous\"><h1 class='av_icongrid_title icongrid_title '  itemprop=\"headline\" >Pyyd\u00e4 tarjous<\/h1><\/header><\/div><\/div><div class='avia-icongrid-flipback '><div class=\"avia-icongrid-inner\"><div class='avia-icongrid-text'  itemprop=\"text\" ><h3><a href=\"https:\/\/linnanjarvi.fi\/?page_id=912\">Pyyd\u00e4 tarjous<\/a><\/h3>\n<\/div><\/div><\/div><\/article><\/div><\/li>\n<\/ul><\/div>\n\n<style type=\"text\/css\" data-created_by=\"avia_inline_auto\" id=\"style-css-av-9hlzy-eb97f067a889c1790548c828057ff74d\">\n#top .hr.hr-invisible.av-9hlzy-eb97f067a889c1790548c828057ff74d{\nheight:115px;\n}\n<\/style>\n<div  class='hr av-9hlzy-eb97f067a889c1790548c828057ff74d hr-invisible  avia-builder-el-18  el_after_av_icongrid  avia-builder-el-last '><span class='hr-inner '><span class=\"hr-inner-style\"><\/span><\/span><\/div>\n\n<\/div><\/div><\/div><!-- close content main div --><\/div><div class='av-extra-border-element border-extra-diagonal  '><div class='av-extra-border-outer'><div class='av-extra-border-inner'><\/div><\/div><\/div><\/div>\n<style type=\"text\/css\" data-created_by=\"avia_inline_auto\" id=\"style-css-av-6lu8we-e43335a2c5599f218469dba20ce8c334\">\n.avia-section.av-6lu8we-e43335a2c5599f218469dba20ce8c334{\nbackground-color:#f8f8f8;\nbackground-image:unset;\n}\n<\/style>\n<div id='work'  class='avia-section av-6lu8we-e43335a2c5599f218469dba20ce8c334 main_color avia-section-large avia-no-border-styling  avia-builder-el-19  el_after_av_section  avia-builder-el-last  avia-bg-style-scroll container_wrap fullsize'  ><div class='container av-section-cont-open' ><div class='template-page content  av-content-full alpha units'><div class='post-entry post-entry-type-page post-entry-206'><div class='entry-content-wrapper clearfix'>\n<div  class='flex_column av-11n8qm-8d0eae55a67a3b9383ca094496a22e7b av_four_fifth  avia-builder-el-20  el_before_av_one_fifth  avia-builder-el-first  first flex_column_div  '     ><section  class='av_textblock_section av-mktolshh-bba03db9e85013673108f00abf50a4e1 '   itemscope=\"itemscope\" itemtype=\"https:\/\/schema.org\/CreativeWork\" ><div class='avia_textblock'  itemprop=\"text\" ><h1>Yhteydet<\/h1>\n<p>Toimistossamme Sinua palvelevat tutut Tero ja Helj\u00e4. Ty\u00f6skentelemme tiimin\u00e4 ja voit ottaa yhteytt\u00e4 kumpaan tahansa kaikissa taloyhti\u00f6n hallintoon liittyviss\u00e4 asioissa.<\/p>\n<\/div><\/section><\/div><div  class='flex_column av-uo32m-f0cbe49a0cef91f02611abce2a3cfe91 av_one_fifth  avia-builder-el-22  el_after_av_four_fifth  el_before_av_one_fourth  flex_column_div  '     ><\/div><div  class='flex_column av-d08n2-034c6dad0ebf981cfb0070fce7ffdec6 av_one_fourth  avia-builder-el-23  el_after_av_one_fifth  el_before_av_one_fourth  first flex_column_div  column-top-margin'     ><article  class='iconbox iconbox_top av-mmhpsd8d-b73538327bb322b91af4a6a45101698a  avia-builder-el-24  avia-builder-el-no-sibling  main_color'  itemscope=\"itemscope\" itemtype=\"https:\/\/schema.org\/CreativeWork\" ><div class=\"iconbox_content\"><header class=\"entry-content-header\" aria-label=\"Icon: Tero Listenmaa\"><div class='iconbox_icon heading-color avia-iconfont avia-font-flaticon' data-av_icon='\uf12e' data-av_iconfont='flaticon'  ><\/div><h3 class='iconbox_content_title '  itemprop=\"headline\" >Tero Listenmaa<\/h3><\/header><div class='iconbox_content_container '  itemprop=\"text\" ><p style=\"text-align: center;\">0207 551 304<\/p>\n<p style=\"text-align: center;\">etunimi@linnanjarvi.fi<\/p>\n<\/div><\/div><footer class=\"entry-footer\"><\/footer><\/article><\/div><div  class='flex_column av-mzpzy-5f150ced1557f74c9177c945cbfac618 av_one_fourth  avia-builder-el-25  el_after_av_one_fourth  el_before_av_one_fourth  flex_column_div  column-top-margin'     ><article  class='iconbox iconbox_top av-mmhppus6-122556341d7b9308e579f14748b91837  avia-builder-el-26  avia-builder-el-no-sibling  main_color'  itemscope=\"itemscope\" itemtype=\"https:\/\/schema.org\/CreativeWork\" ><div class=\"iconbox_content\"><header class=\"entry-content-header\" aria-label=\"Icon: Helj\u00e4 Listenmaa\"><div class='iconbox_icon heading-color avia-iconfont avia-font-flaticon' data-av_icon='\uf16b' data-av_iconfont='flaticon'  ><\/div><h3 class='iconbox_content_title '  itemprop=\"headline\" >Helj\u00e4 Listenmaa<\/h3><\/header><div class='iconbox_content_container '  itemprop=\"text\" ><p style=\"text-align: center;\">0207 551 308<\/p>\n<p style=\"text-align: center;\">etunimi@linnanjarvi.fi<\/p>\n<\/div><\/div><footer class=\"entry-footer\"><\/footer><\/article><\/div><div  class='flex_column av-dqmhi-b693c3d163be2b20f380bdc59090a5b7 av_one_fourth  avia-builder-el-27  el_after_av_one_fourth  el_before_av_one_fourth  flex_column_div  column-top-margin'     ><article  class='iconbox iconbox_top av-mmhpx1eq-da1f4ef01fd9ca62f72e13cc820cf66e  avia-builder-el-28  avia-builder-el-no-sibling  main_color'  itemscope=\"itemscope\" itemtype=\"https:\/\/schema.org\/CreativeWork\" ><div class=\"iconbox_content\"><header class=\"entry-content-header\" aria-label=\"Icon: Ota yhteytt\u00e4\"><div class='iconbox_icon heading-color avia-iconfont avia-font-flaticon' data-av_icon='\uf150' data-av_iconfont='flaticon'  ><\/div><h3 class='iconbox_content_title '  itemprop=\"headline\" >Ota yhteytt\u00e4<\/h3><\/header><div class='iconbox_content_container '  itemprop=\"text\" ><p style=\"text-align: center;\"><a href=\"https:\/\/linnanjarvi.fi\/?page_id=1096\">Ilmoita muutoksesta<\/a><\/p>\n<\/div><\/div><footer class=\"entry-footer\"><\/footer><\/article><\/div><div  class='flex_column av-8a7hy-56599c68896a7f65a8bf32809f0c59c6 av_one_fourth  avia-builder-el-29  el_after_av_one_fourth  avia-builder-el-last  flex_column_div  column-top-margin'     ><article  class='iconbox iconbox_top av-mmhq1boi-c92933dbffca9620d096f442132c56be  avia-builder-el-30  avia-builder-el-no-sibling  main_color'  itemscope=\"itemscope\" itemtype=\"https:\/\/schema.org\/CreativeWork\" ><div class=\"iconbox_content\"><header class=\"entry-content-header\" aria-label=\"Icon: Tarkemmat\"><div class='iconbox_icon heading-color avia-iconfont avia-font-flaticon' data-av_icon='\uf190' data-av_iconfont='flaticon'  ><\/div><h3 class='iconbox_content_title '  itemprop=\"headline\" >Tarkemmat<\/h3><\/header><div class='iconbox_content_container '  itemprop=\"text\" ><p style=\"text-align: center;\"><a href=\"https:\/\/linnanjarvi.fi\/?page_id=961\">yhteystiedot<\/a><\/p>\n<\/div><\/div><footer class=\"entry-footer\"><\/footer><\/article><\/div>\n","protected":false},"excerpt":{"rendered":"","protected":false},"author":2,"featured_media":0,"parent":0,"menu_order":0,"comment_status":"open","ping_status":"closed","template":"","meta":{"footnotes":""},"class_list":["post-206","page","type-page","status-publish","hentry"],"_links":{"self":[{"href":"https:\/\/linnanjarvi.fi\/index.php?rest_route=\/wp\/v2\/pages\/206","targetHints":{"allow":["GET"]}}],"collection":[{"href":"https:\/\/linnanjarvi.fi\/index.php?rest_route=\/wp\/v2\/pages"}],"about":[{"href":"https:\/\/linnanjarvi.fi\/index.php?rest_route=\/wp\/v2\/types\/page"}],"author":[{"embeddable":true,"href":"https:\/\/linnanjarvi.fi\/index.php?rest_route=\/wp\/v2\/users\/2"}],"replies":[{"embeddable":true,"href":"https:\/\/linnanjarvi.fi\/index.php?rest_route=%2Fwp%2Fv2%2Fcomments&post=206"}],"version-history":[{"count":111,"href":"https:\/\/linnanjarvi.fi\/index.php?rest_route=\/wp\/v2\/pages\/206\/revisions"}],"predecessor-version":[{"id":1123,"href":"https:\/\/linnanjarvi.fi\/index.php?rest_route=\/wp\/v2\/pages\/206\/revisions\/1123"}],"wp:attachment":[{"href":"https:\/\/linnanjarvi.fi\/index.php?rest_route=%2Fwp%2Fv2%2Fmedia&parent=206"}],"curies":[{"name":"wp","href":"https:\/\/api.w.org\/{rel}","templated":true}]}}