{"id":844,"date":"2026-01-26T17:26:59","date_gmt":"2026-01-26T15:26:59","guid":{"rendered":"https:\/\/linnanjarvi.fi\/?page_id=844"},"modified":"2026-01-27T09:39:26","modified_gmt":"2026-01-27T07:39:26","slug":"home-2-2-2-4","status":"publish","type":"page","link":"https:\/\/linnanjarvi.fi\/?page_id=844","title":{"rendered":"Tietosuoja"},"content":{"rendered":"\n<style type=\"text\/css\" data-created_by=\"avia_inline_auto\" id=\"style-css-av-dbfgfq-fa870d1d7938264c14ffe310ba9e307a\">\n.avia-section.av-dbfgfq-fa870d1d7938264c14ffe310ba9e307a{\nbackground-color:#ffffff;\nbackground-image:url(https:\/\/linnanjarvi.fi\/wp-content\/uploads\/2015\/07\/laptop-white.jpg);\nbackground-repeat:no-repeat;\nbackground-position:0% 0%;\nbackground-attachment:fixed;\n}\n.avia-section.av-dbfgfq-fa870d1d7938264c14ffe310ba9e307a .av-extra-border-element .av-extra-border-inner{\nbackground-color:#f8f8f8;\n}\n<\/style>\n<div id='av_section_1'  class='avia-section av-dbfgfq-fa870d1d7938264c14ffe310ba9e307a main_color avia-section-large avia-no-border-styling  avia-builder-el-0  el_before_av_section  avia-builder-el-first  avia-full-stretch avia-bg-style-fixed container_wrap fullsize'  data-section-bg-repeat='stretch'><div class=\"av-section-color-overlay-wrap\"><a href='#next-section' title='' class='scroll-down-link  avia-svg-icon avia-font-svg_entypo-fontello' data-av_svg_icon='down-open-mini' data-av_iconset='svg_entypo-fontello'><svg version=\"1.1\" xmlns=\"http:\/\/www.w3.org\/2000\/svg\" width=\"15\" height=\"32\" viewBox=\"0 0 15 32\" preserveAspectRatio=\"xMidYMid meet\" aria-labelledby='av-svg-title-1' aria-describedby='av-svg-desc-1' role=\"graphics-symbol\" aria-hidden=\"true\">\n<title id='av-svg-title-1'>Scroll to next section<\/title>\n<desc id='av-svg-desc-1'>Scroll to next section<\/desc>\n<path d=\"M12.96 12.16q0.704-0.832 1.536 0 0.832 0.704 0 1.536l-6.272 6.144q-0.704 0.704-1.536 0l-6.272-6.144q-0.832-0.832 0-1.536 0.768-0.768 1.6 0l5.44 4.992z\"><\/path>\n<\/svg><\/a><div class='container av-section-cont-open' ><main  role=\"main\" itemprop=\"mainContentOfPage\"  class='template-page content  av-content-full alpha units'><div class='post-entry post-entry-type-page post-entry-844'><div class='entry-content-wrapper clearfix'>\n\n<style type=\"text\/css\" data-created_by=\"avia_inline_auto\" id=\"style-css-av-d3kd2u-1ba5cbc23513a83266a0e01fd04abea6\">\n.flex_column.av-d3kd2u-1ba5cbc23513a83266a0e01fd04abea6{\nborder-radius:0px 0px 0px 0px;\npadding:20px 20px 20px 20px;\n}\n<\/style>\n<div  class='flex_column av-d3kd2u-1ba5cbc23513a83266a0e01fd04abea6 av_one_fifth  avia-builder-el-1  el_before_av_three_fifth  avia-builder-el-first  first flex_column_div av-animated-generic right-to-left  '     ><\/div>\n<style type=\"text\/css\" data-created_by=\"avia_inline_auto\" id=\"style-css-av-cxkf5q-8cd7c05ebd748cef2468940fb29b5d30\">\n.flex_column.av-cxkf5q-8cd7c05ebd748cef2468940fb29b5d30{\nborder-radius:0px 0px 0px 0px;\npadding:20px 20px 20px 20px;\n}\n<\/style>\n<div  class='flex_column av-cxkf5q-8cd7c05ebd748cef2468940fb29b5d30 av_three_fifth  avia-builder-el-2  el_after_av_one_fifth  el_before_av_one_fifth  flex_column_div av-animated-generic top-to-bottom  '     ><p>\n<style type=\"text\/css\" data-created_by=\"avia_inline_auto\" id=\"style-css-av-csfzhy-6ffd0d387af728e147307556b9c6e5b0\">\n#top .av-special-heading.av-csfzhy-6ffd0d387af728e147307556b9c6e5b0{\npadding-bottom:0;\nfont-size:65px;\n}\nbody .av-special-heading.av-csfzhy-6ffd0d387af728e147307556b9c6e5b0 .av-special-heading-tag .heading-char{\nfont-size:25px;\n}\n#top #wrap_all .av-special-heading.av-csfzhy-6ffd0d387af728e147307556b9c6e5b0 .av-special-heading-tag{\nfont-size:65px;\n}\n.av-special-heading.av-csfzhy-6ffd0d387af728e147307556b9c6e5b0 .av-subheading{\nfont-size:15px;\n}\n\n@media only screen and (min-width: 480px) and (max-width: 767px){ \n#top #wrap_all .av-special-heading.av-csfzhy-6ffd0d387af728e147307556b9c6e5b0 .av-special-heading-tag{\nfont-size:0.8em;\n}\n}\n\n@media only screen and (max-width: 479px){ \n#top #wrap_all .av-special-heading.av-csfzhy-6ffd0d387af728e147307556b9c6e5b0 .av-special-heading-tag{\nfont-size:0.8em;\n}\n}\n<\/style>\n<div  class='av-special-heading av-csfzhy-6ffd0d387af728e147307556b9c6e5b0 av-special-heading-h3 blockquote modern-quote modern-centered  avia-builder-el-3  el_before_av_hr  avia-builder-el-first  av-inherit-size'><h3 class='av-special-heading-tag '  itemprop=\"headline\"  >Tietosuoja<\/h3><div class=\"special-heading-border\"><div class=\"special-heading-inner-border\"><\/div><\/div><\/div><br \/>\n\n<style type=\"text\/css\" data-created_by=\"avia_inline_auto\" id=\"style-css-av-cof1wm-9ac7f9ac2629121424b84215e2d8a7ba\">\n#top .hr.av-cof1wm-9ac7f9ac2629121424b84215e2d8a7ba{\nmargin-top:30px;\nmargin-bottom:30px;\n}\n.hr.av-cof1wm-9ac7f9ac2629121424b84215e2d8a7ba .hr-inner{\nwidth:50px;\nborder-color:#000000;\n}\n<\/style>\n<div  class='hr av-cof1wm-9ac7f9ac2629121424b84215e2d8a7ba hr-custom  avia-builder-el-4  el_after_av_heading  el_before_av_textblock  hr-center hr-icon-no'><span class='hr-inner inner-border-av-border-thin'><span class=\"hr-inner-style\"><\/span><\/span><\/div><br \/>\n\n<style type=\"text\/css\" data-created_by=\"avia_inline_auto\" id=\"style-css-av-cgf792-c09fd84fa88e61c5541530da09c66442\">\n#top .av_textblock_section.av-cgf792-c09fd84fa88e61c5541530da09c66442 .avia_textblock{\nfont-size:22px;\n}\n<\/style>\n<section  class='av_textblock_section av-cgf792-c09fd84fa88e61c5541530da09c66442 '   itemscope=\"itemscope\" itemtype=\"https:\/\/schema.org\/CreativeWork\" ><div class='avia_textblock'  itemprop=\"text\" ><p style=\"text-align: center;\">Kunnioitamme yksityisyytt\u00e4si ja vaitiolo on meille t\u00e4rke\u00e4\u00e4. Emme juoruile asiakkaidemme asioista emmek\u00e4 luovuta asiakkaidemme yhteystietoja ulkopuolisille.<\/p>\n<\/div><\/section><br \/>\n\n<style type=\"text\/css\" data-created_by=\"avia_inline_auto\" id=\"style-css-av-ccyha6-9a5c93a9772ccc49643a4a3c78056e9b\">\n#top .hr.hr-invisible.av-ccyha6-9a5c93a9772ccc49643a4a3c78056e9b{\nheight:120px;\n}\n<\/style>\n<div  class='hr av-ccyha6-9a5c93a9772ccc49643a4a3c78056e9b hr-invisible  avia-builder-el-6  el_after_av_textblock  avia-builder-el-last '><span class='hr-inner '><span class=\"hr-inner-style\"><\/span><\/span><\/div><\/p><\/div>\n<style type=\"text\/css\" data-created_by=\"avia_inline_auto\" id=\"style-css-av-c6xq1i-6fe15beb1bbb578bba22f067ad8be1a7\">\n.flex_column.av-c6xq1i-6fe15beb1bbb578bba22f067ad8be1a7{\nborder-radius:0px 0px 0px 0px;\npadding:20px 20px 20px 20px;\n}\n<\/style>\n<div  class='flex_column av-c6xq1i-6fe15beb1bbb578bba22f067ad8be1a7 av_one_fifth  avia-builder-el-7  el_after_av_three_fifth  avia-builder-el-last  flex_column_div av-animated-generic right-to-left  '     ><\/div><\/div><\/div><\/main><!-- close content main element --><\/div><div class='av-extra-border-element border-extra-diagonal  diagonal-box-shadow'><div class='av-extra-border-outer'><div class='av-extra-border-inner'><\/div><\/div><\/div><\/div><\/div>\n<style type=\"text\/css\" data-created_by=\"avia_inline_auto\" id=\"style-css-av-c27v2m-a7251afd7190f68a4ced0f58aff6fe66\">\n.avia-section.av-c27v2m-a7251afd7190f68a4ced0f58aff6fe66{\nbackground-color:#f8f8f8;\nbackground-image:unset;\n}\n.avia-section.av-c27v2m-a7251afd7190f68a4ced0f58aff6fe66 .av-extra-border-element .av-extra-border-inner{\nbackground-color:#ffffff;\n}\n<\/style>\n<div id='service'  class='avia-section av-c27v2m-a7251afd7190f68a4ced0f58aff6fe66 main_color avia-section-large avia-no-border-styling  avia-builder-el-8  el_after_av_section  el_before_av_section  avia-bg-style-scroll container_wrap fullsize'  ><div class='container av-section-cont-open' ><div class='template-page content  av-content-full alpha units'><div class='post-entry post-entry-type-page post-entry-844'><div class='entry-content-wrapper clearfix'>\n\n<style type=\"text\/css\" data-created_by=\"avia_inline_auto\" id=\"style-css-av-16u2ti-7be41231565974b5b11aee688973bf34\">\n.flex_column.av-16u2ti-7be41231565974b5b11aee688973bf34{\nborder-radius:0px 0px 0px 0px;\npadding:0px 0px 0px 0px;\n}\n<\/style>\n<div  class='flex_column av-16u2ti-7be41231565974b5b11aee688973bf34 av_two_third  avia-builder-el-9  el_before_av_one_third  avia-builder-el-first  first flex_column_div av-animated-generic right-to-left av-zero-column-padding  '     ><section  class='av_textblock_section av-bdkmhi-c30e2474036a2c47714efed7d1fd6fa9 '   itemscope=\"itemscope\" itemtype=\"https:\/\/schema.org\/CreativeWork\" ><div class='avia_textblock'  itemprop=\"text\" ><h1>Tietosuojaperiaatteet<\/h1>\n<p>T\u00e4ss\u00e4 kerromme lyhyesti Linnanj\u00e4rvi Oy:ss\u00e4 ja taloyhti\u00f6iss\u00e4mme noudatettavista tietosuojaperiaatteista. Olemme informoineet rekister\u00f6ityj\u00e4 suoraan, mink\u00e4laisia henkil\u00f6tietoja heist\u00e4 ker\u00e4t\u00e4\u00e4n ja miten niit\u00e4 k\u00e4sitell\u00e4\u00e4n. Taloyhti\u00f6si is\u00e4nn\u00f6itsij\u00e4 toimittaa sinulle pyydett\u00e4ess\u00e4 tarkemman selvityksen taloyhti\u00f6si tietosuoja-asioista sek\u00e4 vastaa henkil\u00f6tietojen k\u00e4sittely\u00e4 koskeviin kysymyksiin.<\/p>\n<p>Henkil\u00f6tietoja ker\u00e4t\u00e4\u00e4n vain tietty\u00e4 tarkoitusta varten ja tiedot tallennetaan vain tarpeellisilta osin. Henkil\u00f6tietojen k\u00e4sittelylle on aina laillinen peruste. K\u00e4sittelemme henkil\u00f6tietoja luottamuksellisesti ja huolehdimme Tietosuojasta.<\/p>\n<p>Taloyhti\u00f6 ker\u00e4\u00e4 henkil\u00f6tietoja p\u00e4\u00e4s\u00e4\u00e4nt\u00f6isesti kolmeen eri k\u00e4ytt\u00f6tarkoitukseen: osakeluetteloon, muutosty\u00f6rekisteriin sek\u00e4 asukasluetteloon. N\u00e4ihin rekistereihin henkil\u00f6st\u00e4 kirjataan nimi, yhteystiedot ja muut v\u00e4ltt\u00e4m\u00e4tt\u00f6m\u00e4t henkil\u00f6tiedot. Linnanj\u00e4rvi Oy:ll\u00e4 ei ole omaa asiakas- tai markkinointirekisteri\u00e4, johon osakkaiden tai asukkaiden henkil\u00f6tietoja ker\u00e4tt\u00e4isiin. T\u00e4m\u00e4 verkkopalvelu ei k\u00e4yt\u00e4 ev\u00e4steit\u00e4. Lomakkeille t\u00e4ytetyt tiedot muodostavat s\u00e4hk\u00f6postiviestin eik\u00e4 niit\u00e4 tallenneta muutoin mitenk\u00e4\u00e4n.<\/p>\n<\/div><\/section><br \/>\n\n<style type=\"text\/css\" data-created_by=\"avia_inline_auto\" id=\"style-css-av-av_hr-57376341f51b13e3631b617ea2aa04a8\">\n#top .hr.hr-invisible.av-av_hr-57376341f51b13e3631b617ea2aa04a8{\nheight:120px;\n}\n<\/style>\n<div  class='hr av-av_hr-57376341f51b13e3631b617ea2aa04a8 hr-invisible  avia-builder-el-11  el_after_av_textblock  avia-builder-el-last '><span class='hr-inner '><span class=\"hr-inner-style\"><\/span><\/span><\/div><\/p><\/div>\n<style type=\"text\/css\" data-created_by=\"avia_inline_auto\" id=\"style-css-av-11ycfi-7a1f3c7b9fd1738a6cc11895844055c0\">\n.flex_column.av-11ycfi-7a1f3c7b9fd1738a6cc11895844055c0{\nborder-radius:0px 0px 0px 0px;\npadding:0px 0px 0px 0px;\n}\n<\/style>\n<div  class='flex_column av-11ycfi-7a1f3c7b9fd1738a6cc11895844055c0 av_one_third  avia-builder-el-12  el_after_av_two_third  avia-builder-el-last  flex_column_div av-animated-generic right-to-left av-zero-column-padding  '     ><\/div><\/div><\/div><\/div><!-- close content main div --><\/div><div class='av-extra-border-element border-extra-diagonal border-extra-diagonal-inverse '><div class='av-extra-border-outer'><div class='av-extra-border-inner'><\/div><\/div><\/div><\/div>\n<style type=\"text\/css\" data-created_by=\"avia_inline_auto\" id=\"style-css-av-10wdhi-6ba5344b346811a577cf19baa80454c8\">\n.avia-section.av-10wdhi-6ba5344b346811a577cf19baa80454c8 .av-extra-border-element .av-extra-border-inner{\nbackground-color:#f8f8f8;\n}\n<\/style>\n<div id='av_section_3'  class='avia-section av-10wdhi-6ba5344b346811a577cf19baa80454c8 main_color avia-section-large avia-no-border-styling  avia-builder-el-13  el_after_av_section  avia-builder-el-last  avia-bg-style-scroll container_wrap fullsize'  ><div class='container av-section-cont-open' ><div class='template-page content  av-content-full alpha units'><div class='post-entry post-entry-type-page post-entry-844'><div class='entry-content-wrapper clearfix'>\n<div  class='flex_column av-wyvcm-6db808ead3894204463a0bfd2f83f05a av_one_third  avia-builder-el-14  el_before_av_two_third  avia-builder-el-first  first flex_column_div  '     ><\/div><div  class='flex_column av-p264e-cfeb09569c5ae139d6e5bc84d0af0552 av_two_third  avia-builder-el-15  el_after_av_one_third  avia-builder-el-last  flex_column_div  '     ><section  class='av_textblock_section av-mksk91o1-5c08998e378bc2347e467b4b4f0cd7e3 '   itemscope=\"itemscope\" itemtype=\"https:\/\/schema.org\/CreativeWork\" ><div class='avia_textblock'  itemprop=\"text\" ><p>Ker\u00e4tyt henkil\u00f6tiedot saadaan taloyhti\u00f6n osakkailta ja asukkailta itselt\u00e4\u00e4n, ja lis\u00e4ksi tietoja voidaan p\u00e4ivitt\u00e4\u00e4 viranomaisl\u00e4hteist\u00e4. Henkil\u00f6tietoja ei s\u00e4ilytet\u00e4 pidemp\u00e4\u00e4n kuin laki edellytt\u00e4\u00e4 tai kuin on v\u00e4ltt\u00e4m\u00e4t\u00f6nt\u00e4 tietty\u00e4 tarkoitusta varten.<\/p>\n<p>Henkil\u00f6tietoja k\u00e4sittelev\u00e4t taloyhti\u00f6ss\u00e4 ja Linnanj\u00e4rvi Oy:ss\u00e4 vain sellaiset henkil\u00f6t, joilla on siihen oikeus. Henkil\u00f6tietojen k\u00e4sittelyss\u00e4 kunnioitetaan rekister\u00f6idyn yksityisyytt\u00e4 ja saadut tiedot pidet\u00e4\u00e4n salassa. Henkil\u00f6tietojen k\u00e4sittelyss\u00e4 noudatetaan huolellisuutta ja tiedot on suojattu asianmukaisesti.<\/p>\n<p>Rekister\u00f6idylle kuuluvat oikeudet turvaamme kaikille rekister\u00f6idyille. Sinulla on muun muassa oikeus tarkistaa mit\u00e4 tietoja sinusta on ker\u00e4tty sek\u00e4 oikeus pyyt\u00e4\u00e4 virheellisen, puutteellisen, tarpeettoman tai vanhentuneen henkil\u00f6tiedon korjaamista tai poistamista. Oikeuksien k\u00e4ytt\u00e4mist\u00e4 koskevat pyynn\u00f6t tehd\u00e4\u00e4n kirjallisesti is\u00e4nn\u00f6itsij\u00e4lle.<\/p>\n<\/div><\/section><\/div>\n<\/p>\n","protected":false},"excerpt":{"rendered":"","protected":false},"author":2,"featured_media":0,"parent":0,"menu_order":0,"comment_status":"open","ping_status":"closed","template":"","meta":{"footnotes":""},"class_list":["post-844","page","type-page","status-publish","hentry"],"_links":{"self":[{"href":"https:\/\/linnanjarvi.fi\/index.php?rest_route=\/wp\/v2\/pages\/844","targetHints":{"allow":["GET"]}}],"collection":[{"href":"https:\/\/linnanjarvi.fi\/index.php?rest_route=\/wp\/v2\/pages"}],"about":[{"href":"https:\/\/linnanjarvi.fi\/index.php?rest_route=\/wp\/v2\/types\/page"}],"author":[{"embeddable":true,"href":"https:\/\/linnanjarvi.fi\/index.php?rest_route=\/wp\/v2\/users\/2"}],"replies":[{"embeddable":true,"href":"https:\/\/linnanjarvi.fi\/index.php?rest_route=%2Fwp%2Fv2%2Fcomments&post=844"}],"version-history":[{"count":3,"href":"https:\/\/linnanjarvi.fi\/index.php?rest_route=\/wp\/v2\/pages\/844\/revisions"}],"predecessor-version":[{"id":897,"href":"https:\/\/linnanjarvi.fi\/index.php?rest_route=\/wp\/v2\/pages\/844\/revisions\/897"}],"wp:attachment":[{"href":"https:\/\/linnanjarvi.fi\/index.php?rest_route=%2Fwp%2Fv2%2Fmedia&parent=844"}],"curies":[{"name":"wp","href":"https:\/\/api.w.org\/{rel}","templated":true}]}}