{"id":961,"date":"2026-03-01T17:17:50","date_gmt":"2026-03-01T15:17:50","guid":{"rendered":"https:\/\/linnanjarvi.fi\/?page_id=961"},"modified":"2026-03-08T13:57:40","modified_gmt":"2026-03-08T11:57:40","slug":"home-2-4","status":"publish","type":"page","link":"https:\/\/linnanjarvi.fi\/?page_id=961","title":{"rendered":"Yhteystiedot"},"content":{"rendered":"\n<style type=\"text\/css\" data-created_by=\"avia_inline_auto\" id=\"style-css-av-dbfgfq-fa870d1d7938264c14ffe310ba9e307a\">\n.avia-section.av-dbfgfq-fa870d1d7938264c14ffe310ba9e307a{\nbackground-color:#ffffff;\nbackground-image:url(https:\/\/linnanjarvi.fi\/wp-content\/uploads\/2015\/07\/laptop-white.jpg);\nbackground-repeat:no-repeat;\nbackground-position:0% 0%;\nbackground-attachment:fixed;\n}\n.avia-section.av-dbfgfq-fa870d1d7938264c14ffe310ba9e307a .av-extra-border-element .av-extra-border-inner{\nbackground-color:#f8f8f8;\n}\n<\/style>\n<div id='av_section_1'  class='avia-section av-dbfgfq-fa870d1d7938264c14ffe310ba9e307a main_color avia-section-large avia-no-border-styling  avia-builder-el-0  el_before_av_section  avia-builder-el-first  avia-full-stretch avia-bg-style-fixed container_wrap fullsize'  data-section-bg-repeat='stretch'><div class=\"av-section-color-overlay-wrap\"><a href='#next-section' title='' class='scroll-down-link  avia-svg-icon avia-font-svg_entypo-fontello' data-av_svg_icon='down-open-mini' data-av_iconset='svg_entypo-fontello'><svg version=\"1.1\" xmlns=\"http:\/\/www.w3.org\/2000\/svg\" width=\"15\" height=\"32\" viewBox=\"0 0 15 32\" preserveAspectRatio=\"xMidYMid meet\" aria-labelledby='av-svg-title-1' aria-describedby='av-svg-desc-1' role=\"graphics-symbol\" aria-hidden=\"true\">\n<title id='av-svg-title-1'>Scroll to next section<\/title>\n<desc id='av-svg-desc-1'>Scroll to next section<\/desc>\n<path d=\"M12.96 12.16q0.704-0.832 1.536 0 0.832 0.704 0 1.536l-6.272 6.144q-0.704 0.704-1.536 0l-6.272-6.144q-0.832-0.832 0-1.536 0.768-0.768 1.6 0l5.44 4.992z\"><\/path>\n<\/svg><\/a><div class='container av-section-cont-open' ><main  role=\"main\" itemprop=\"mainContentOfPage\"  class='template-page content  av-content-full alpha units'><div class='post-entry post-entry-type-page post-entry-961'><div class='entry-content-wrapper clearfix'>\n<section  class='av_textblock_section av-1h6bv5-0678d61533a191ed8677b429d74104cf '   itemscope=\"itemscope\" itemtype=\"https:\/\/schema.org\/CreativeWork\" ><div class='avia_textblock'  itemprop=\"text\" ><\/div><\/section>\n\n<style type=\"text\/css\" data-created_by=\"avia_inline_auto\" id=\"style-css-av-d3kd2u-1ba5cbc23513a83266a0e01fd04abea6\">\n.flex_column.av-d3kd2u-1ba5cbc23513a83266a0e01fd04abea6{\nborder-radius:0px 0px 0px 0px;\npadding:20px 20px 20px 20px;\n}\n<\/style>\n<div  class='flex_column av-d3kd2u-1ba5cbc23513a83266a0e01fd04abea6 av_one_fifth  avia-builder-el-2  el_after_av_textblock  el_before_av_three_fifth  first flex_column_div av-animated-generic right-to-left  column-top-margin'     ><\/div>\n<style type=\"text\/css\" data-created_by=\"avia_inline_auto\" id=\"style-css-av-cxkf5q-8cd7c05ebd748cef2468940fb29b5d30\">\n.flex_column.av-cxkf5q-8cd7c05ebd748cef2468940fb29b5d30{\nborder-radius:0px 0px 0px 0px;\npadding:20px 20px 20px 20px;\n}\n<\/style>\n<div  class='flex_column av-cxkf5q-8cd7c05ebd748cef2468940fb29b5d30 av_three_fifth  avia-builder-el-3  el_after_av_one_fifth  el_before_av_one_fifth  flex_column_div av-animated-generic top-to-bottom  column-top-margin'     ><p>\n<style type=\"text\/css\" data-created_by=\"avia_inline_auto\" id=\"style-css-av-csfzhy-ee74efb483930bce9594e3c55fd03a94\">\n#top .av-special-heading.av-csfzhy-ee74efb483930bce9594e3c55fd03a94{\npadding-bottom:0;\nfont-size:65px;\n}\nbody .av-special-heading.av-csfzhy-ee74efb483930bce9594e3c55fd03a94 .av-special-heading-tag .heading-char{\nfont-size:25px;\n}\n#top #wrap_all .av-special-heading.av-csfzhy-ee74efb483930bce9594e3c55fd03a94 .av-special-heading-tag{\nfont-size:65px;\n}\n.av-special-heading.av-csfzhy-ee74efb483930bce9594e3c55fd03a94 .av-subheading{\nfont-size:15px;\n}\n\n@media only screen and (min-width: 480px) and (max-width: 767px){ \n#top #wrap_all .av-special-heading.av-csfzhy-ee74efb483930bce9594e3c55fd03a94 .av-special-heading-tag{\nfont-size:0.8em;\n}\n}\n\n@media only screen and (max-width: 479px){ \n#top #wrap_all .av-special-heading.av-csfzhy-ee74efb483930bce9594e3c55fd03a94 .av-special-heading-tag{\nfont-size:0.8em;\n}\n}\n<\/style>\n<div  class='av-special-heading av-csfzhy-ee74efb483930bce9594e3c55fd03a94 av-special-heading-h3 blockquote modern-quote modern-centered  avia-builder-el-4  el_before_av_hr  avia-builder-el-first  av-inherit-size'><h3 class='av-special-heading-tag '  itemprop=\"headline\"  >Yhteystiedot<\/h3><div class=\"special-heading-border\"><div class=\"special-heading-inner-border\"><\/div><\/div><\/div><br \/>\n\n<style type=\"text\/css\" data-created_by=\"avia_inline_auto\" id=\"style-css-av-cof1wm-9ac7f9ac2629121424b84215e2d8a7ba\">\n#top .hr.av-cof1wm-9ac7f9ac2629121424b84215e2d8a7ba{\nmargin-top:30px;\nmargin-bottom:30px;\n}\n.hr.av-cof1wm-9ac7f9ac2629121424b84215e2d8a7ba .hr-inner{\nwidth:50px;\nborder-color:#000000;\n}\n<\/style>\n<div  class='hr av-cof1wm-9ac7f9ac2629121424b84215e2d8a7ba hr-custom  avia-builder-el-5  el_after_av_heading  el_before_av_textblock  hr-center hr-icon-no'><span class='hr-inner inner-border-av-border-thin'><span class=\"hr-inner-style\"><\/span><\/span><\/div><br \/>\n\n<style type=\"text\/css\" data-created_by=\"avia_inline_auto\" id=\"style-css-av-cgf792-c09fd84fa88e61c5541530da09c66442\">\n#top .av_textblock_section.av-cgf792-c09fd84fa88e61c5541530da09c66442 .avia_textblock{\nfont-size:22px;\n}\n<\/style>\n<section  class='av_textblock_section av-cgf792-c09fd84fa88e61c5541530da09c66442 '   itemscope=\"itemscope\" itemtype=\"https:\/\/schema.org\/CreativeWork\" ><div class='avia_textblock'  itemprop=\"text\" ><p style=\"text-align: center;\">Kaikissa taloyhti\u00f6n hallintoa koskevissa asioissa voit ottaa yhteytt\u00e4 Teroon tai Helj\u00e4\u00e4n tai toimistoomme, josta jompikumpi sinulle vastaa. Parhaiten yhteydenottosi tulee perille s\u00e4hk\u00f6postitse tai Hausvise asiakasportaalin kautta, koska emme aina ole puhelimen tavoitettavissa esimerkiksi kokousten vuoksi.<\/p>\n<\/div><\/section><br \/>\n\n<style type=\"text\/css\" data-created_by=\"avia_inline_auto\" id=\"style-css-av-ccyha6-9a5c93a9772ccc49643a4a3c78056e9b\">\n#top .hr.hr-invisible.av-ccyha6-9a5c93a9772ccc49643a4a3c78056e9b{\nheight:120px;\n}\n<\/style>\n<div  class='hr av-ccyha6-9a5c93a9772ccc49643a4a3c78056e9b hr-invisible  avia-builder-el-7  el_after_av_textblock  avia-builder-el-last '><span class='hr-inner '><span class=\"hr-inner-style\"><\/span><\/span><\/div><\/p><\/div>\n<style type=\"text\/css\" data-created_by=\"avia_inline_auto\" id=\"style-css-av-c6xq1i-6fe15beb1bbb578bba22f067ad8be1a7\">\n.flex_column.av-c6xq1i-6fe15beb1bbb578bba22f067ad8be1a7{\nborder-radius:0px 0px 0px 0px;\npadding:20px 20px 20px 20px;\n}\n<\/style>\n<div  class='flex_column av-c6xq1i-6fe15beb1bbb578bba22f067ad8be1a7 av_one_fifth  avia-builder-el-8  el_after_av_three_fifth  avia-builder-el-last  flex_column_div av-animated-generic right-to-left  column-top-margin'     ><\/div>\n\n<\/div><\/div><\/main><!-- close content main element --><\/div><div class='av-extra-border-element border-extra-diagonal  diagonal-box-shadow'><div class='av-extra-border-outer'><div class='av-extra-border-inner'><\/div><\/div><\/div><\/div><\/div>\n<style type=\"text\/css\" data-created_by=\"avia_inline_auto\" id=\"style-css-av-vw49-9e5bd1c9be60609103c69c1b8f66cb2d\">\n.avia-section.av-vw49-9e5bd1c9be60609103c69c1b8f66cb2d{\nbackground-color:#f8f8f8;\nbackground-image:unset;\n}\n<\/style>\n<div id='av_section_2'  class='avia-section av-vw49-9e5bd1c9be60609103c69c1b8f66cb2d main_color avia-section-default avia-no-border-styling  avia-builder-el-9  el_after_av_section  el_before_av_section  avia-bg-style-scroll container_wrap fullsize'  ><div class='container av-section-cont-open' ><div class='template-page content  av-content-full alpha units'><div class='post-entry post-entry-type-page post-entry-961'><div class='entry-content-wrapper clearfix'>\n\n<style type=\"text\/css\" data-created_by=\"avia_inline_auto\" id=\"style-css-av-19hil5-b36ad31b66611f113bd8b667f424a007\">\n.flex_column.av-19hil5-b36ad31b66611f113bd8b667f424a007{\nbackground-color:#f9f9f9;\n}\n<\/style>\n<div  class='flex_column av-19hil5-b36ad31b66611f113bd8b667f424a007 av_one_third  avia-builder-el-10  el_before_av_one_third  avia-builder-el-first  first flex_column_div  '     ><article  class='iconbox iconbox_top av-mm7ujqls-dfd5e4729512c805eaef8fb1bd11833a  avia-builder-el-11  avia-builder-el-no-sibling  main_color'  itemscope=\"itemscope\" itemtype=\"https:\/\/schema.org\/CreativeWork\" ><div class=\"iconbox_content\"><header class=\"entry-content-header\" aria-label=\"Icon: Tero Listenmaa\"><div class='iconbox_icon heading-color avia-iconfont avia-font-flaticon' data-av_icon='\uf12e' data-av_iconfont='flaticon'  ><\/div><h3 class='iconbox_content_title '  itemprop=\"headline\" >Tero Listenmaa<\/h3><\/header><div class='iconbox_content_container '  itemprop=\"text\" ><p>Is\u00e4nn\u00f6itsij\u00e4, toimitusjohtaja<\/p>\n<p>0207 551 304<\/p>\n<p>etunimi@linnanjarvi.fi<\/p>\n<\/div><\/div><footer class=\"entry-footer\"><\/footer><\/article><\/div><div  class='flex_column av-14gkp5-c6dd291ee19df4c47f81ddac718fb370 av_one_third  avia-builder-el-12  el_after_av_one_third  el_before_av_one_third  flex_column_div  '     ><article  class='iconbox iconbox_top av-mm7ukj63-0341225a9ef44567944155b4e24335db  avia-builder-el-13  avia-builder-el-no-sibling  main_color'  itemscope=\"itemscope\" itemtype=\"https:\/\/schema.org\/CreativeWork\" ><div class=\"iconbox_content\"><header class=\"entry-content-header\" aria-label=\"Icon: Helj\u00e4 Listenmaa\"><div class='iconbox_icon heading-color avia-iconfont avia-font-flaticon' data-av_icon='\uf16b' data-av_iconfont='flaticon'  ><\/div><h3 class='iconbox_content_title '  itemprop=\"headline\" >Helj\u00e4 Listenmaa<\/h3><\/header><div class='iconbox_content_container '  itemprop=\"text\" ><p>Toimisto- ja talousasiat, juristi<\/p>\n<p>0207 551 308<\/p>\n<p>etunimi@linnanjarvi.fi<\/p>\n<\/div><\/div><footer class=\"entry-footer\"><\/footer><\/article><\/div><div  class='flex_column av-wyih5-a698601ca7b954f471b5d0c9935da05e av_one_third  avia-builder-el-14  el_after_av_one_third  avia-builder-el-last  flex_column_div  '     ><article  class='iconbox iconbox_top av-mmhp6roq-efcdf615c32f70574e91d5ce24efa456  avia-builder-el-15  avia-builder-el-no-sibling  main_color'  itemscope=\"itemscope\" itemtype=\"https:\/\/schema.org\/CreativeWork\" ><div class=\"iconbox_content\"><header class=\"entry-content-header\" aria-label=\"Icon: Vikailmoitukset\"><div class='iconbox_icon heading-color avia-iconfont avia-font-flaticon' data-av_icon='\uf20a' data-av_iconfont='flaticon'  ><\/div><h3 class='iconbox_content_title '  itemprop=\"headline\" >Vikailmoitukset<\/h3><\/header><div class='iconbox_content_container '  itemprop=\"text\" ><p>Tee vikailmoitus tai huoltopyynt\u00f6 suoraan huoltoyhti\u00f6lle.<\/p>\n<p>Yhteystiedot ilmoitustaululla tai Hausvise-asiakasportaalissa.<\/p>\n<\/div><\/div><footer class=\"entry-footer\"><\/footer><\/article><\/div><\/div><\/div><\/div><!-- close content main div --><\/div><\/div>\n<style type=\"text\/css\" data-created_by=\"avia_inline_auto\" id=\"style-css-av-c27v2m-a7251afd7190f68a4ced0f58aff6fe66\">\n.avia-section.av-c27v2m-a7251afd7190f68a4ced0f58aff6fe66{\nbackground-color:#f8f8f8;\nbackground-image:unset;\n}\n.avia-section.av-c27v2m-a7251afd7190f68a4ced0f58aff6fe66 .av-extra-border-element .av-extra-border-inner{\nbackground-color:#ffffff;\n}\n<\/style>\n<div id='service'  class='avia-section av-c27v2m-a7251afd7190f68a4ced0f58aff6fe66 main_color avia-section-large avia-no-border-styling  avia-builder-el-16  el_after_av_section  el_before_av_section  avia-bg-style-scroll container_wrap fullsize'  ><div class='container av-section-cont-open' ><div class='template-page content  av-content-full alpha units'><div class='post-entry post-entry-type-page post-entry-961'><div class='entry-content-wrapper clearfix'>\n\n<style type=\"text\/css\" data-created_by=\"avia_inline_auto\" id=\"style-css-av-16u2ti-7be41231565974b5b11aee688973bf34\">\n.flex_column.av-16u2ti-7be41231565974b5b11aee688973bf34{\nborder-radius:0px 0px 0px 0px;\npadding:0px 0px 0px 0px;\n}\n<\/style>\n<div  class='flex_column av-16u2ti-7be41231565974b5b11aee688973bf34 av_two_fifth  avia-builder-el-17  el_before_av_two_fifth  avia-builder-el-first  first flex_column_div av-animated-generic right-to-left av-zero-column-padding  '     ><section  class='av_textblock_section av-bdkmhi-c30e2474036a2c47714efed7d1fd6fa9 '   itemscope=\"itemscope\" itemtype=\"https:\/\/schema.org\/CreativeWork\" ><div class='avia_textblock'  itemprop=\"text\" ><h1>Toimistomme<\/h1>\n<p style=\"font-weight: 400;\">Jos haluat asioida toimistollamme, sovithan tapaamisen aina etuk\u00e4teen. N\u00e4in varmistamme, ettei sinulle tule turhaa reissua.<\/p>\n<p style=\"font-weight: 400;\">Toimistomme sijaitsee Espoon Vallikalliossa, Lepp\u00e4vaaran liepeill\u00e4, asuinkerrostalon kivijalassa. Jos saavut autolla, Vallikallionkujalla on kadunvarsipaikkoja. Muista pys\u00e4k\u00f6intikiekko!<\/p>\n<\/div><\/section><\/div>\n<style type=\"text\/css\" data-created_by=\"avia_inline_auto\" id=\"style-css-av-11ycfi-7a1f3c7b9fd1738a6cc11895844055c0\">\n.flex_column.av-11ycfi-7a1f3c7b9fd1738a6cc11895844055c0{\nborder-radius:0px 0px 0px 0px;\npadding:0px 0px 0px 0px;\n}\n<\/style>\n<div  class='flex_column av-11ycfi-7a1f3c7b9fd1738a6cc11895844055c0 av_two_fifth  avia-builder-el-19  el_after_av_two_fifth  avia-builder-el-last  flex_column_div av-animated-generic right-to-left av-zero-column-padding  '     ><div  class='avia-icon-list-container av-mm7txcdo-4e955dbd42709752d3e60c8c42f35df7  avia-builder-el-20  avia-builder-el-no-sibling '><ul class='avia-icon-list avia_animate_when_almost_visible avia-icon-list-left av-iconlist-big av-mm7txcdo-4e955dbd42709752d3e60c8c42f35df7 avia-iconlist-animate'>\n<li><div class='iconlist_icon av-mm7tr8v1-026064ae56704ddf42911a80afd98ad2 avia-font-flaticon avia-iconfont avia-font-flaticon'><span class='av-icon-char' data-av_icon='\uf106' data-av_iconfont='flaticon' aria-hidden=\"true\"><\/span><\/div><article class=\"article-icon-entry av-iconlist-empty\"  itemscope=\"itemscope\" itemtype=\"https:\/\/schema.org\/CreativeWork\" ><div class=\"iconlist_content_wrap\"><header class=\"entry-content-header\" aria-label=\"Icon: Vallikallionkuja 2, 02650 Espoo\"><h4 class='av_iconlist_title iconlist_title  '  itemprop=\"headline\" >Vallikallionkuja 2, 02650 Espoo<\/h4><\/header><div class='iconlist_content '  itemprop=\"text\" ><\/div><\/div><footer class=\"entry-footer\"><\/footer><\/article><div class=\"iconlist-timeline\"><\/div><\/li>\n<li><div class='iconlist_icon av-mm7tujp1-ae234bf3ecbc72c6c1411ae5f047baab avia-font-flaticon avia-iconfont avia-font-flaticon'><span class='av-icon-char' data-av_icon='\uf104' data-av_iconfont='flaticon' aria-hidden=\"true\"><\/span><\/div><article class=\"article-icon-entry av-iconlist-empty\"  itemscope=\"itemscope\" itemtype=\"https:\/\/schema.org\/CreativeWork\" ><div class=\"iconlist_content_wrap\"><header class=\"entry-content-header\" aria-label=\"Icon: toimisto @ linnanjarvi.fi\"><h4 class='av_iconlist_title iconlist_title  '  itemprop=\"headline\" >toimisto @ linnanjarvi.fi<\/h4><\/header><div class='iconlist_content '  itemprop=\"text\" ><\/div><\/div><footer class=\"entry-footer\"><\/footer><\/article><div class=\"iconlist-timeline\"><\/div><\/li>\n<li><div class='iconlist_icon av-mm7twppv-9956f2ef143ca5bb6d4b370a23efc7be avia-font-entypo-fontello avia-iconfont avia-font-entypo-fontello'><span class='av-icon-char' data-av_icon='\ue854' data-av_iconfont='entypo-fontello' aria-hidden=\"true\"><\/span><\/div><article class=\"article-icon-entry av-iconlist-empty\"  itemscope=\"itemscope\" itemtype=\"https:\/\/schema.org\/CreativeWork\" ><div class=\"iconlist_content_wrap\"><header class=\"entry-content-header\" aria-label=\"Icon: 0207 551 300\"><h4 class='av_iconlist_title iconlist_title  '  itemprop=\"headline\" >0207 551 300<\/h4><\/header><div class='iconlist_content '  itemprop=\"text\" ><\/div><\/div><footer class=\"entry-footer\"><\/footer><\/article><div class=\"iconlist-timeline\"><\/div><\/li>\n<\/ul><\/div><\/div>\n<\/p>\n<\/div><\/div><\/div><!-- close content main div --><\/div><div class='av-extra-border-element border-extra-diagonal border-extra-diagonal-inverse '><div class='av-extra-border-outer'><div class='av-extra-border-inner'><\/div><\/div><\/div><\/div><div id='av_section_4'  class='avia-section av-r8x8p-d12699efd4653d4068d75ce469cbb7ac main_color avia-section-default avia-no-border-styling  avia-builder-el-21  el_after_av_section  avia-builder-el-last  avia-bg-style-scroll container_wrap fullsize'  ><div class='container av-section-cont-open' ><div class='template-page content  av-content-full alpha units'><div class='post-entry post-entry-type-page post-entry-961'><div class='entry-content-wrapper clearfix'>\n<div  class='flex_column av-7789-b00a4fda69b724ee54cac6747f9dff5a av_one_third  avia-builder-el-22  el_before_av_one_third  avia-builder-el-first  first flex_column_div  '     ><section  class='av_textblock_section av-mm7u8nrm-2095ed4fcb3bbf8b965ee6006194be2d '   itemscope=\"itemscope\" itemtype=\"https:\/\/schema.org\/CreativeWork\" ><div class='avia_textblock'  itemprop=\"text\" ><h2>Taloyhti\u00f6idemme laskutusosoite<\/h2>\n<p>Asunto-osakeyhti\u00f6n nimi<\/p>\n<p style=\"font-weight: 400;\">c\/o Linnanj\u00e4rvi Oy<\/p>\n<p style=\"font-weight: 400;\">Vallikallionkuja 2, 02650 Espoo<\/p>\n<p style=\"font-weight: 400;\">Taloyhti\u00f6it\u00e4mme koskevat laskut pyydet\u00e4\u00e4n l\u00e4hett\u00e4m\u00e4\u00e4n verkkolaskuna. Verkkolaskuosoitteet l\u00f6yd\u00e4t k\u00e4tev\u00e4sti <a href=\"https:\/\/verkkolaskuosoite.fi\/client\/\">verkkolaskuosoite.fi:st\u00e4<\/a>.<\/p>\n<\/div><\/section><\/div><div  class='flex_column av-gk32p-ba46ce0a3ab2ccc5956b1639c3caa8ee av_one_third  avia-builder-el-24  el_after_av_one_third  el_before_av_one_third  flex_column_div  '     ><section  class='av_textblock_section av-mm7uzf33-dab0743397caff610ffa91d5317f6b61 '   itemscope=\"itemscope\" itemtype=\"https:\/\/schema.org\/CreativeWork\" ><div class='avia_textblock'  itemprop=\"text\" ><h2>Urakoitsijoille<\/h2>\n<p>Sovithan tapaamisen kanssamme aina etuk\u00e4teen hyviss\u00e4 ajoin. N\u00e4in olemme varmasti tavoitettavissa.<\/p>\n<\/div><\/section><\/div><div  class='flex_column av-85am1-b9f3a9ef9720caa4f0d958785465e50f av_one_third  avia-builder-el-26  el_after_av_one_third  avia-builder-el-last  flex_column_div  '     ><section  class='av_textblock_section av-mm7v0bfl-917f4e43a0341dc8bb0477eeac49af42 '   itemscope=\"itemscope\" itemtype=\"https:\/\/schema.org\/CreativeWork\" ><div class='avia_textblock'  itemprop=\"text\" ><h2>Yhteisty\u00f6kumppaneille<\/h2>\n<p>L\u00e4het\u00e4th\u00e4n yrityksesi markkinointia koskevat yhteydenottosi ensisijaisesti s\u00e4hk\u00f6postilla, ei puhelimitse. N\u00e4in saamme yritysesittelysi k\u00e4tev\u00e4sti talteen mahdollista my\u00f6hemp\u00e4\u00e4 k\u00e4ytt\u00f6\u00e4 varten.<\/p>\n<\/div><\/section><\/div>\n\n","protected":false},"excerpt":{"rendered":"","protected":false},"author":2,"featured_media":0,"parent":0,"menu_order":0,"comment_status":"open","ping_status":"closed","template":"","meta":{"footnotes":""},"class_list":["post-961","page","type-page","status-publish","hentry"],"_links":{"self":[{"href":"https:\/\/linnanjarvi.fi\/index.php?rest_route=\/wp\/v2\/pages\/961","targetHints":{"allow":["GET"]}}],"collection":[{"href":"https:\/\/linnanjarvi.fi\/index.php?rest_route=\/wp\/v2\/pages"}],"about":[{"href":"https:\/\/linnanjarvi.fi\/index.php?rest_route=\/wp\/v2\/types\/page"}],"author":[{"embeddable":true,"href":"https:\/\/linnanjarvi.fi\/index.php?rest_route=\/wp\/v2\/users\/2"}],"replies":[{"embeddable":true,"href":"https:\/\/linnanjarvi.fi\/index.php?rest_route=%2Fwp%2Fv2%2Fcomments&post=961"}],"version-history":[{"count":23,"href":"https:\/\/linnanjarvi.fi\/index.php?rest_route=\/wp\/v2\/pages\/961\/revisions"}],"predecessor-version":[{"id":1082,"href":"https:\/\/linnanjarvi.fi\/index.php?rest_route=\/wp\/v2\/pages\/961\/revisions\/1082"}],"wp:attachment":[{"href":"https:\/\/linnanjarvi.fi\/index.php?rest_route=%2Fwp%2Fv2%2Fmedia&parent=961"}],"curies":[{"name":"wp","href":"https:\/\/api.w.org\/{rel}","templated":true}]}}